{"id":21,"date":"2024-10-23T13:21:52","date_gmt":"2024-10-23T13:21:52","guid":{"rendered":"http:\/\/www.format34.net\/?page_id=21"},"modified":"2025-11-04T11:56:30","modified_gmt":"2025-11-04T11:56:30","slug":"hakkimizda","status":"publish","type":"page","link":"https:\/\/www.format34.net\/?page_id=21","title":{"rendered":"Hakk\u0131m\u0131zda"},"content":{"rendered":"\t\t<div data-elementor-type=\"wp-page\" data-elementor-id=\"21\" class=\"elementor elementor-21\">\n\t\t\t\t\t\t<section class=\"elementor-section elementor-top-section elementor-element elementor-element-21c2c940 elementor-reverse-mobile elementor-section-height-default elementor-section-boxed elementor-section-height-default\" data-id=\"21c2c940\" data-element_type=\"section\" data-e-type=\"section\">\n\t\t\t\t\t\t<div class=\"elementor-container elementor-column-gap-wider\">\n\t\t\t\t\t<div class=\"elementor-column elementor-col-50 elementor-inner-column elementor-element elementor-element-4eca104b\" data-id=\"4eca104b\" data-element_type=\"column\" data-e-type=\"column\">\n\t\t\t<div class=\"elementor-widget-wrap elementor-element-populated\">\n\t\t\t\t\t\t<div class=\"elementor-element elementor-element-7464288f elementor-widget__width-initial elementor-widget elementor-widget-text-editor\" data-id=\"7464288f\" data-element_type=\"widget\" data-e-type=\"widget\" data-widget_type=\"text-editor.default\">\n\t\t\t\t<div class=\"elementor-widget-container\">\n\t\t\t\t\t\t\t\t\t<p><b>Format 34 Mimarl\u0131k ve M\u00fchendislik<\/b><span style=\"font-weight: 400;\">, 2004 y\u0131l\u0131nda \u0130zmir\u2019de bir mimar ve i\u00e7 mimar ortakl\u0131\u011f\u0131 olarak <\/span><b>proje<\/b><span style=\"font-weight: 400;\">, <\/span><b>m\u00fcteahhitlik, dan\u0131\u015fmanl\u0131k ve in\u015faat \u2013 dekorasyon i\u015fleri <\/b><span style=\"font-weight: 400;\">alan\u0131nda hizmet vermek \u00fczere kurulmu\u015ftur. 2017 sonunda, ortakl\u0131\u011fa bir in\u015faat m\u00fchendisinin de eklenmesiyle ortakl\u0131k, daha da g\u00fc\u00e7lenmi\u015ftir.\u00a0<\/span><\/p><p><span style=\"font-weight: 400;\">Kurucular\u0131m\u0131z <\/span><b>Mimar Sezin \u00d6zt\u00fcrk <\/b><span style=\"font-weight: 400;\">ve <\/span><b>\u0130\u00e7 Mimar Erden \u00d6zt\u00fcrk<\/b><span style=\"font-weight: 400;\">, \u0130stanbul\u2019da ald\u0131klar\u0131 mesleki e\u011fitimleri sonras\u0131 b\u00fcy\u00fck, kurumsal \u015firketlerden ve projelerden, kendi alanlar\u0131nda kazand\u0131klar\u0131 tecr\u00fcbeleri \u0131\u015f\u0131\u011f\u0131nda, kariyerlerini \u0130zmir\u2019de devam ettirmek amac\u0131 ile <\/span><b>34 Format <\/b><span style=\"font-weight: 400;\">&#8216;l\u0131 bu giri\u015fime imza atm\u0131\u015flard\u0131r. 2017 y\u0131l\u0131nda <\/span><b>\u0130n\u015faat M\u00fchendisi Serdar G\u00fcrsoy<\/b><span style=\"font-weight: 400;\">, d\u00fcnyan\u0131n \u00e7e\u015fitli b\u00f6lgelerinde in\u015fa edilmi\u015f ikonik projelerde, yap\u0131sal tasar\u0131m ve proje y\u00f6netimi alanlar\u0131nda edindi\u011fi deneyimleriyle Y\u00f6netici Ortak olarak \u015firkete kat\u0131lm\u0131\u015ft\u0131r.<\/span><\/p>\t\t\t\t\t\t\t\t<\/div>\n\t\t\t\t<\/div>\n\t\t\t\t<div class=\"elementor-element elementor-element-557ea15 elementor-widget__width-initial elementor-widget elementor-widget-text-editor\" data-id=\"557ea15\" data-element_type=\"widget\" data-e-type=\"widget\" data-widget_type=\"text-editor.default\">\n\t\t\t\t<div class=\"elementor-widget-container\">\n\t\t\t\t\t\t\t\t\t<p>Format 34, 2004 y\u0131l\u0131ndan beri\u00a0<b>\u00aby\u00fcksek kalite\u00bb\u00a0<\/b>ve\u00a0<b>\u00abtam zaman\u0131nda\u00bb\u00a0<\/b>anlay\u0131\u015f\u0131yla\u00a0yurti\u00e7i ve yurtd\u0131\u015f\u0131nda bir \u00e7ok projeyi ba\u015far\u0131yla bitirmenin hakl\u0131 gururunu ya\u015famaktad\u0131r. Bunun yan\u0131nda,\u00a0<b>ilk g\u00fcnk\u00fc heyecanla\u00a0<\/b>tecr\u00fcbesini ve kapasitesini g\u00fcn be g\u00fcn artt\u0131rarak, her biri kendi alan\u0131nda en az 20 y\u0131ll\u0131k tecr\u00fcbeli ekip arkada\u015flar\u0131 ile, zor problemler kar\u015f\u0131s\u0131nda uygun \u00e7\u00f6z\u00fcmler \u00fcreterek m\u00fc\u015fterileri i\u00e7in <b>tercih edilen<\/b>\u00a0bir\u00a0<b>\u00e7\u00f6z\u00fcm orta\u011f\u0131\u00a0<\/b>olma amac\u0131 g\u00fctmektedir.\u00a0<\/p>\t\t\t\t\t\t\t\t<\/div>\n\t\t\t\t<\/div>\n\t\t\t\t\t<\/div>\n\t\t<\/div>\n\t\t\t\t<div class=\"elementor-column elementor-col-50 elementor-inner-column elementor-element elementor-element-907ffb6\" data-id=\"907ffb6\" data-element_type=\"column\" data-e-type=\"column\">\n\t\t\t<div class=\"elementor-widget-wrap elementor-element-populated\">\n\t\t\t\t\t\t<div class=\"elementor-element elementor-element-28f79560 elementor-widget__width-initial elementor-widget elementor-widget-image\" data-id=\"28f79560\" data-element_type=\"widget\" data-e-type=\"widget\" data-widget_type=\"image.default\">\n\t\t\t\t<div class=\"elementor-widget-container\">\n\t\t\t\t\t\t\t\t\t\t\t\t\t\t\t<img fetchpriority=\"high\" decoding=\"async\" width=\"512\" height=\"360\" src=\"https:\/\/www.format34.net\/wp-content\/uploads\/2024\/12\/unnamed.jpg\" class=\"attachment-large size-large wp-image-1037\" alt=\"\" srcset=\"https:\/\/www.format34.net\/wp-content\/uploads\/2024\/12\/unnamed.jpg 512w, https:\/\/www.format34.net\/wp-content\/uploads\/2024\/12\/unnamed-300x211.jpg 300w, https:\/\/www.format34.net\/wp-content\/uploads\/2024\/12\/unnamed-230x162.jpg 230w, https:\/\/www.format34.net\/wp-content\/uploads\/2024\/12\/unnamed-350x246.jpg 350w, https:\/\/www.format34.net\/wp-content\/uploads\/2024\/12\/unnamed-480x338.jpg 480w\" sizes=\"(max-width: 512px) 100vw, 512px\" \/>\t\t\t\t\t\t\t\t\t\t\t\t\t\t\t<\/div>\n\t\t\t\t<\/div>\n\t\t\t\t\t<\/div>\n\t\t<\/div>\n\t\t\t\t\t<\/div>\n\t\t<\/section>\n\t\t\t\t<section class=\"elementor-section elementor-top-section elementor-element elementor-element-2e99721a elementor-section-content-middle elementor-section-height-min-height elementor-section-boxed elementor-section-height-default elementor-section-items-middle\" data-id=\"2e99721a\" data-element_type=\"section\" data-e-type=\"section\" data-settings=\"{&quot;background_background&quot;:&quot;classic&quot;}\">\n\t\t\t\t\t\t<div class=\"elementor-container elementor-column-gap-custom\">\n\t\t\t\t\t<div class=\"elementor-column elementor-col-66 elementor-top-column elementor-element elementor-element-6652e5b0\" data-id=\"6652e5b0\" data-element_type=\"column\" data-e-type=\"column\">\n\t\t\t<div class=\"elementor-widget-wrap elementor-element-populated\">\n\t\t\t\t\t\t<div class=\"elementor-element elementor-element-405eadfb elementor-widget__width-initial elementor-widget elementor-widget-heading\" data-id=\"405eadfb\" data-element_type=\"widget\" data-e-type=\"widget\" data-widget_type=\"heading.default\">\n\t\t\t\t<div class=\"elementor-widget-container\">\n\t\t\t\t\t<h5 class=\"elementor-heading-title elementor-size-default\">Yarat\u0131c\u0131 Tasar\u0131mlar,\nG\u00fcvenli Yap\u0131lar, B\u00fct\u00e7e Dostu Projeler..<\/h5>\t\t\t\t<\/div>\n\t\t\t\t<\/div>\n\t\t\t\t\t<\/div>\n\t\t<\/div>\n\t\t\t\t<div class=\"elementor-column elementor-col-33 elementor-top-column elementor-element elementor-element-5934dbdb\" data-id=\"5934dbdb\" data-element_type=\"column\" data-e-type=\"column\">\n\t\t\t<div class=\"elementor-widget-wrap elementor-element-populated\">\n\t\t\t\t\t\t<div class=\"elementor-element elementor-element-5dfb1222 elementor-align-right elementor-mobile-align-center elementor-widget elementor-widget-button\" data-id=\"5dfb1222\" data-element_type=\"widget\" data-e-type=\"widget\" data-widget_type=\"button.default\">\n\t\t\t\t<div class=\"elementor-widget-container\">\n\t\t\t\t\t\t\t\t\t<div class=\"elementor-button-wrapper\">\n\t\t\t\t\t<a class=\"elementor-button elementor-button-link elementor-size-sm\" href=\"mailto:%20info@format34.net\" target=\"_blank\">\n\t\t\t\t\t\t<span class=\"elementor-button-content-wrapper\">\n\t\t\t\t\t\t\t\t\t<span class=\"elementor-button-text\">Bizimle \u0130leti\u015fime Ge\u00e7in<\/span>\n\t\t\t\t\t<\/span>\n\t\t\t\t\t<\/a>\n\t\t\t\t<\/div>\n\t\t\t\t\t\t\t\t<\/div>\n\t\t\t\t<\/div>\n\t\t\t\t\t<\/div>\n\t\t<\/div>\n\t\t\t\t\t<\/div>\n\t\t<\/section>\n\t\t<div class=\"elementor-element elementor-element-b4cefd2 e-flex e-con-boxed e-con e-parent\" data-id=\"b4cefd2\" data-element_type=\"container\" data-e-type=\"container\">\n\t\t\t\t\t<div class=\"e-con-inner\">\n\t\t<div class=\"elementor-element elementor-element-6209104 e-con-full e-flex e-con e-child\" data-id=\"6209104\" data-element_type=\"container\" data-e-type=\"container\">\n\t\t\t\t<\/div>\n\t\t\t\t\t<\/div>\n\t\t\t\t<\/div>\n\t\t<div class=\"elementor-element elementor-element-e59254a e-flex e-con-boxed e-con e-parent\" data-id=\"e59254a\" data-element_type=\"container\" data-e-type=\"container\">\n\t\t\t\t\t<div class=\"e-con-inner\">\n\t\t\t\t<div class=\"elementor-element elementor-element-09cdd31 elementor-widget elementor-widget-heading\" data-id=\"09cdd31\" data-element_type=\"widget\" data-e-type=\"widget\" data-widget_type=\"heading.default\">\n\t\t\t\t<div class=\"elementor-widget-container\">\n\t\t\t\t\t<h3 class=\"elementor-heading-title elementor-size-default\">Ekibimizle Tan\u0131\u015f\u0131n<\/h3>\t\t\t\t<\/div>\n\t\t\t\t<\/div>\n\t\t\t\t\t<\/div>\n\t\t\t\t<\/div>\n\t\t<div class=\"elementor-element elementor-element-3e91aba e-flex e-con-boxed e-con e-parent\" data-id=\"3e91aba\" data-element_type=\"container\" data-e-type=\"container\">\n\t\t\t\t\t<div class=\"e-con-inner\">\n\t\t\t\t<div class=\"elementor-element elementor-element-dbc9663 elementor-widget elementor-widget-athemes-employee-carousel\" data-id=\"dbc9663\" data-element_type=\"widget\" data-e-type=\"widget\" data-widget_type=\"athemes-employee-carousel.default\">\n\t\t\t\t<div class=\"elementor-widget-container\">\n\t\t\t\t\t\n\t\t<div class=\"roll-team carousel owl-carousel\" data-widgetid=\"employees-\">\n\t\t\t\t\t\t\t\t\t\t<div class=\"team-item\">\n\t\t\t    <div class=\"team-inner\">\n\t\t\t        <div class=\"pop-overlay\">\n\t\t\t            <div class=\"team-pop\">\n\t\t\t                <div class=\"team-info\">\n\t\t\t\t\t\t\t\t<div class=\"name\">Sezin \u00d6zt\u00fcrk<\/div>\n\t\t\t\t\t\t\t\t<div class=\"pos\">Mimar <\/div>\n\t\t\t\t\t\t\t\t<ul class=\"team-social\">\n\t\t\t\t\t\t\t\t\t\t\t\t\t\t\t\t\t\t\t\t\t\t\t\t\t\t\t\t\t\t\t\t\t\t\t<\/ul>\n\t\t\t                <\/div>\n\t\t\t            <\/div>\n\t\t\t        <\/div>\n\t\t\t\t\t\t\t\t\t\t<div class=\"avatar\">\n\t\t\t\t\t\t<img decoding=\"async\" src=\"https:\/\/www.format34.net\/wp-content\/plugins\/elementor\/assets\/images\/placeholder.png\" alt=\"\"\/>\n\t\t\t\t\t<\/div>\n\t\t\t\t\t\t\t\t    <\/div>\n\t\t\t    <div class=\"team-content\">\n\t\t\t        <div class=\"name\">\n\t\t\t        \t\t\t\t        \t\tSezin \u00d6zt\u00fcrk\t\t\t        \t\t\t\t        <\/div>\n\t\t\t        <div class=\"pos\">Mimar <\/div>\n\t\t\t    <\/div>\n\t\t\t<\/div><!-- \/.team-item -->\n\n\t\t\t\t\t\t\t\t\t\t<div class=\"team-item\">\n\t\t\t    <div class=\"team-inner\">\n\t\t\t        <div class=\"pop-overlay\">\n\t\t\t            <div class=\"team-pop\">\n\t\t\t                <div class=\"team-info\">\n\t\t\t\t\t\t\t\t<div class=\"name\">Erden \u00d6zt\u00fcrk<\/div>\n\t\t\t\t\t\t\t\t<div class=\"pos\">\u0130\u00e7 Mimar<\/div>\n\t\t\t\t\t\t\t\t<ul class=\"team-social\">\n\t\t\t\t\t\t\t\t\t\t\t\t\t\t\t\t\t\t\t\t\t\t\t\t\t\t\t\t\t\t\t\t\t\t\t<\/ul>\n\t\t\t                <\/div>\n\t\t\t            <\/div>\n\t\t\t        <\/div>\n\t\t\t\t\t\t\t\t\t\t<div class=\"avatar\">\n\t\t\t\t\t\t<img decoding=\"async\" src=\"https:\/\/www.format34.net\/wp-content\/plugins\/elementor\/assets\/images\/placeholder.png\" alt=\"\"\/>\n\t\t\t\t\t<\/div>\n\t\t\t\t\t\t\t\t    <\/div>\n\t\t\t    <div class=\"team-content\">\n\t\t\t        <div class=\"name\">\n\t\t\t        \t\t\t\t        \t\tErden \u00d6zt\u00fcrk\t\t\t        \t\t\t\t        <\/div>\n\t\t\t        <div class=\"pos\">\u0130\u00e7 Mimar<\/div>\n\t\t\t    <\/div>\n\t\t\t<\/div><!-- \/.team-item -->\n\n\t\t\t\t\t\t\t\t\t\t<div class=\"team-item\">\n\t\t\t    <div class=\"team-inner\">\n\t\t\t        <div class=\"pop-overlay\">\n\t\t\t            <div class=\"team-pop\">\n\t\t\t                <div class=\"team-info\">\n\t\t\t\t\t\t\t\t<div class=\"name\">Serdar G\u00fcrsoy<\/div>\n\t\t\t\t\t\t\t\t<div class=\"pos\">\u0130n\u015faat M\u00fchendisi<\/div>\n\t\t\t\t\t\t\t\t<ul class=\"team-social\">\n\t\t\t\t\t\t\t\t\t\t\t\t\t\t\t\t\t\t\t\t\t\t\t\t\t\t\t\t\t\t\t\t\t\t\t<\/ul>\n\t\t\t                <\/div>\n\t\t\t            <\/div>\n\t\t\t        <\/div>\n\t\t\t\t\t\t\t\t\t\t<div class=\"avatar\">\n\t\t\t\t\t\t<img decoding=\"async\" src=\"https:\/\/www.format34.net\/wp-content\/plugins\/elementor\/assets\/images\/placeholder.png\" alt=\"\"\/>\n\t\t\t\t\t<\/div>\n\t\t\t\t\t\t\t\t    <\/div>\n\t\t\t    <div class=\"team-content\">\n\t\t\t        <div class=\"name\">\n\t\t\t        \t\t\t\t        \t\tSerdar G\u00fcrsoy\t\t\t        \t\t\t\t        <\/div>\n\t\t\t        <div class=\"pos\">\u0130n\u015faat M\u00fchendisi<\/div>\n\t\t\t    <\/div>\n\t\t\t<\/div><!-- \/.team-item -->\n\n\t\t\t\t\t\t\t\t\t\t<div class=\"team-item\">\n\t\t\t    <div class=\"team-inner\">\n\t\t\t        <div class=\"pop-overlay\">\n\t\t\t            <div class=\"team-pop\">\n\t\t\t                <div class=\"team-info\">\n\t\t\t\t\t\t\t\t<div class=\"name\">Abdullah Arslan<\/div>\n\t\t\t\t\t\t\t\t<div class=\"pos\">\u0130n\u015faat M\u00fchendisi<\/div>\n\t\t\t\t\t\t\t\t<ul class=\"team-social\">\n\t\t\t\t\t\t\t\t\t\t\t\t\t\t\t\t\t\t\t\t\t\t\t\t\t\t\t\t\t\t\t\t\t\t\t<\/ul>\n\t\t\t                <\/div>\n\t\t\t            <\/div>\n\t\t\t        <\/div>\n\t\t\t\t\t\t\t\t\t\t<div class=\"avatar\">\n\t\t\t\t\t\t<img decoding=\"async\" src=\"https:\/\/www.format34.net\/wp-content\/plugins\/elementor\/assets\/images\/placeholder.png\" alt=\"\"\/>\n\t\t\t\t\t<\/div>\n\t\t\t\t\t\t\t\t    <\/div>\n\t\t\t    <div class=\"team-content\">\n\t\t\t        <div class=\"name\">\n\t\t\t        \t\t\t\t        \t\tAbdullah Arslan\t\t\t        \t\t\t\t        <\/div>\n\t\t\t        <div class=\"pos\">\u0130n\u015faat M\u00fchendisi<\/div>\n\t\t\t    <\/div>\n\t\t\t<\/div><!-- \/.team-item -->\n\n\t\t\t\t\t\t\t\t\t\t<div class=\"team-item\">\n\t\t\t    <div class=\"team-inner\">\n\t\t\t        <div class=\"pop-overlay\">\n\t\t\t            <div class=\"team-pop\">\n\t\t\t                <div class=\"team-info\">\n\t\t\t\t\t\t\t\t<div class=\"name\">\u00d6zg\u00fcr A\u015f\u0131k<\/div>\n\t\t\t\t\t\t\t\t<div class=\"pos\">Mimar<\/div>\n\t\t\t\t\t\t\t\t<ul class=\"team-social\">\n\t\t\t\t\t\t\t\t\t\t\t\t\t\t\t\t\t\t\t\t\t\t\t\t\t\t\t\t\t\t\t\t\t\t\t<\/ul>\n\t\t\t                <\/div>\n\t\t\t            <\/div>\n\t\t\t        <\/div>\n\t\t\t\t\t\t\t\t\t\t<div class=\"avatar\">\n\t\t\t\t\t\t<img decoding=\"async\" src=\"https:\/\/www.format34.net\/wp-content\/plugins\/elementor\/assets\/images\/placeholder.png\" alt=\"\"\/>\n\t\t\t\t\t<\/div>\n\t\t\t\t\t\t\t\t    <\/div>\n\t\t\t    <div class=\"team-content\">\n\t\t\t        <div class=\"name\">\n\t\t\t        \t\t\t\t        \t\t\u00d6zg\u00fcr A\u015f\u0131k\t\t\t        \t\t\t\t        <\/div>\n\t\t\t        <div class=\"pos\">Mimar<\/div>\n\t\t\t    <\/div>\n\t\t\t<\/div><!-- \/.team-item -->\n\n\t\t\t\t\t\t\t\t\t\t<div class=\"team-item\">\n\t\t\t    <div class=\"team-inner\">\n\t\t\t        <div class=\"pop-overlay\">\n\t\t\t            <div class=\"team-pop\">\n\t\t\t                <div class=\"team-info\">\n\t\t\t\t\t\t\t\t<div class=\"name\">Mehmet \u00c7\u0131nar<\/div>\n\t\t\t\t\t\t\t\t<div class=\"pos\">\u0130n\u015faat M\u00fchendisi<\/div>\n\t\t\t\t\t\t\t\t<ul class=\"team-social\">\n\t\t\t\t\t\t\t\t\t\t\t\t\t\t\t\t\t\t\t\t\t\t\t\t\t\t\t\t\t\t\t\t\t\t\t<\/ul>\n\t\t\t                <\/div>\n\t\t\t            <\/div>\n\t\t\t        <\/div>\n\t\t\t\t\t\t\t\t\t\t<div class=\"avatar\">\n\t\t\t\t\t\t<img decoding=\"async\" src=\"https:\/\/www.format34.net\/wp-content\/plugins\/elementor\/assets\/images\/placeholder.png\" alt=\"\"\/>\n\t\t\t\t\t<\/div>\n\t\t\t\t\t\t\t\t    <\/div>\n\t\t\t    <div class=\"team-content\">\n\t\t\t        <div class=\"name\">\n\t\t\t        \t\t\t\t        \t\tMehmet \u00c7\u0131nar\t\t\t        \t\t\t\t        <\/div>\n\t\t\t        <div class=\"pos\">\u0130n\u015faat M\u00fchendisi<\/div>\n\t\t\t    <\/div>\n\t\t\t<\/div><!-- \/.team-item -->\n\n\t\t\t\t\t\t\t\t\t\t<div class=\"team-item\">\n\t\t\t    <div class=\"team-inner\">\n\t\t\t        <div class=\"pop-overlay\">\n\t\t\t            <div class=\"team-pop\">\n\t\t\t                <div class=\"team-info\">\n\t\t\t\t\t\t\t\t<div class=\"name\">Ferhat Tarman<\/div>\n\t\t\t\t\t\t\t\t<div class=\"pos\">An\u0131s\u0131na...\u267e\ufe0f<\/div>\n\t\t\t\t\t\t\t\t<ul class=\"team-social\">\n\t\t\t\t\t\t\t\t\t\t\t\t\t\t\t\t\t\t\t\t\t\t\t\t\t\t\t\t\t\t\t\t\t\t\t<\/ul>\n\t\t\t                <\/div>\n\t\t\t            <\/div>\n\t\t\t        <\/div>\n\t\t\t\t\t\t\t\t\t\t<div class=\"avatar\">\n\t\t\t\t\t\t<img decoding=\"async\" src=\"https:\/\/www.format34.net\/wp-content\/plugins\/elementor\/assets\/images\/placeholder.png\" alt=\"\"\/>\n\t\t\t\t\t<\/div>\n\t\t\t\t\t\t\t\t    <\/div>\n\t\t\t    <div class=\"team-content\">\n\t\t\t        <div class=\"name\">\n\t\t\t        \t\t\t\t        \t\tFerhat Tarman\t\t\t        \t\t\t\t        <\/div>\n\t\t\t        <div class=\"pos\">An\u0131s\u0131na...\u267e\ufe0f<\/div>\n\t\t\t    <\/div>\n\t\t\t<\/div><!-- \/.team-item -->\n\n\t\t\t\t\t<\/div>\n\t\t\t\t\n\t\t\t\t\t\t<\/div>\n\t\t\t\t<\/div>\n\t\t\t\t\t<\/div>\n\t\t\t\t<\/div>\n\t\t\t\t<\/div>\n\t\t","protected":false},"excerpt":{"rendered":"<p>Format 34 Mimarl\u0131k ve M\u00fchendislik, 2004 y\u0131l\u0131nda \u0130zmir\u2019de bir mimar ve i\u00e7 mimar ortakl\u0131\u011f\u0131 olarak proje, m\u00fcteahhitlik, dan\u0131\u015fmanl\u0131k ve in\u015faat \u2013 dekorasyon [&hellip;]<\/p>\n","protected":false},"author":1,"featured_media":0,"parent":0,"menu_order":0,"comment_status":"closed","ping_status":"closed","template":"","meta":{"footnotes":""},"class_list":["post-21","page","type-page","status-publish","hentry"],"_links":{"self":[{"href":"https:\/\/www.format34.net\/index.php?rest_route=\/wp\/v2\/pages\/21","targetHints":{"allow":["GET"]}}],"collection":[{"href":"https:\/\/www.format34.net\/index.php?rest_route=\/wp\/v2\/pages"}],"about":[{"href":"https:\/\/www.format34.net\/index.php?rest_route=\/wp\/v2\/types\/page"}],"author":[{"embeddable":true,"href":"https:\/\/www.format34.net\/index.php?rest_route=\/wp\/v2\/users\/1"}],"replies":[{"embeddable":true,"href":"https:\/\/www.format34.net\/index.php?rest_route=%2Fwp%2Fv2%2Fcomments&post=21"}],"version-history":[{"count":22,"href":"https:\/\/www.format34.net\/index.php?rest_route=\/wp\/v2\/pages\/21\/revisions"}],"predecessor-version":[{"id":1595,"href":"https:\/\/www.format34.net\/index.php?rest_route=\/wp\/v2\/pages\/21\/revisions\/1595"}],"wp:attachment":[{"href":"https:\/\/www.format34.net\/index.php?rest_route=%2Fwp%2Fv2%2Fmedia&parent=21"}],"curies":[{"name":"wp","href":"https:\/\/api.w.org\/{rel}","templated":true}]}}