{"id":1375,"date":"2025-09-03T13:41:18","date_gmt":"2025-09-03T13:41:18","guid":{"rendered":"https:\/\/www.format34.net\/?page_id=1375"},"modified":"2025-09-03T14:01:25","modified_gmt":"2025-09-03T14:01:25","slug":"ihale-yonetimi","status":"publish","type":"page","link":"https:\/\/www.format34.net\/?page_id=1375","title":{"rendered":"\u0130hale Y\u00f6netimi"},"content":{"rendered":"\t\t<div data-elementor-type=\"wp-page\" data-elementor-id=\"1375\" class=\"elementor elementor-1375\">\n\t\t\t\t<div class=\"elementor-element elementor-element-ba8ce81 e-flex e-con-boxed e-con e-parent\" data-id=\"ba8ce81\" data-element_type=\"container\" data-e-type=\"container\">\n\t\t\t\t\t<div class=\"e-con-inner\">\n\t\t<div class=\"elementor-element elementor-element-b7336cd e-con-full e-flex e-con e-child\" data-id=\"b7336cd\" data-element_type=\"container\" data-e-type=\"container\">\n\t\t<div class=\"elementor-element elementor-element-5263fb73 e-con-full e-flex e-con e-child\" data-id=\"5263fb73\" data-element_type=\"container\" data-e-type=\"container\">\n\t\t\t\t<div class=\"elementor-element elementor-element-2c2f9b37 elementor-widget elementor-widget-heading\" data-id=\"2c2f9b37\" data-element_type=\"widget\" data-e-type=\"widget\" data-widget_type=\"heading.default\">\n\t\t\t\t<div class=\"elementor-widget-container\">\n\t\t\t\t\t<h2 class=\"elementor-heading-title elementor-size-default\">Ba\u015far\u0131yla Y\u00f6netilen \u0130haleler, Kal\u0131c\u0131 Ekonomik Kazan\u00e7lar Sunar.\n<\/h2>\t\t\t\t<\/div>\n\t\t\t\t<\/div>\n\t\t\t\t<\/div>\n\t\t\t\t<\/div>\n\t\t<div class=\"elementor-element elementor-element-dff7c3a e-con-full e-flex e-con e-child\" data-id=\"dff7c3a\" data-element_type=\"container\" data-e-type=\"container\">\n\t\t\t\t<div class=\"elementor-element elementor-element-277a99d5 elementor-widget elementor-widget-text-editor\" data-id=\"277a99d5\" data-element_type=\"widget\" data-e-type=\"widget\" data-widget_type=\"text-editor.default\">\n\t\t\t\t<div class=\"elementor-widget-container\">\n\t\t\t\t\t\t\t\t\t<p><span style=\"font-weight: 400;\">\u0130hale s\u00fcre\u00e7lerinin etkin bir \u015fekilde y\u00f6netilmesi, sadece anl\u0131k ba\u015far\u0131lar de\u011fil, uzun vadeli ekonomik de\u011fer yaratman\u0131n temel ta\u015flar\u0131n\u0131 olu\u015fturur. Do\u011fru stratejilerle y\u00f6nlendirilen her ihale, g\u00fcvenilir ve s\u00fcrd\u00fcr\u00fclebilir yat\u0131r\u0131m f\u0131rsatlar\u0131n\u0131 do\u011furur. Bu s\u00fcre\u00e7te ba\u015far\u0131, sadece kazan\u00e7 sa\u011flamakla kalmaz, ayn\u0131 zamanda ekonomik istikrar ve b\u00fcy\u00fcmeyi de peki\u015ftirir. &#8220;Ba\u015far\u0131yla Y\u00f6netilen \u0130haleler, Kal\u0131c\u0131 Ekonomik Kazan\u00e7lar Sunar&#8221; yakla\u015f\u0131m\u0131, g\u00fc\u00e7l\u00fc ve verimli bir ihale y\u00f6netiminin, hem bug\u00fcn\u00fcn hem de yar\u0131n\u0131n ekonomik avantajlar\u0131na nas\u0131l d\u00f6n\u00fc\u015ft\u00fc\u011f\u00fcn\u00fc ortaya koymaktad\u0131r.<\/span><\/p>\t\t\t\t\t\t\t\t<\/div>\n\t\t\t\t<\/div>\n\t\t\t\t<\/div>\n\t\t<div class=\"elementor-element elementor-element-d44dc77 e-con-full e-flex e-con e-child\" data-id=\"d44dc77\" data-element_type=\"container\" data-e-type=\"container\">\n\t\t\t\t<div class=\"elementor-element elementor-element-aaf3605 elementor-widget elementor-widget-text-editor\" data-id=\"aaf3605\" data-element_type=\"widget\" data-e-type=\"widget\" data-widget_type=\"text-editor.default\">\n\t\t\t\t<div class=\"elementor-widget-container\">\n\t\t\t\t\t\t\t\t\t<ol><li style=\"font-weight: 400;\" aria-level=\"1\"><span style=\"font-weight: 400;\">HAZIRLANAN \u0130HALE DOSYASININ, GENEL DUYURU VEYA DAVET USULU \u0130LE \u0130STEKL\u0130LERLE PAYLA\u015eILMASI<\/span><\/li><li style=\"font-weight: 400;\" aria-level=\"1\"><span style=\"font-weight: 400;\">GELEN TEKL\u0130FLER\u0130N DE\u011eERLEND\u0130R\u0130LMES\u0130<\/span><\/li><li style=\"font-weight: 400;\" aria-level=\"1\"><span style=\"font-weight: 400;\">DE\u011eERLEND\u0130RMEY\u0130 GE\u00c7EN TEKL\u0130FLER \u0130\u00c7\u0130N, M\u00dc\u015eTER\u0130N\u0130N \u0130STE\u011e\u0130NE G\u00d6RE, BEL\u0130RLENEN USUL DO\u011eRULTUSUNDA \u0130HALEN\u0130N TAMAMLANMASI<\/span><\/li><\/ol>\t\t\t\t\t\t\t\t<\/div>\n\t\t\t\t<\/div>\n\t\t\t\t<\/div>\n\t\t\t\t\t<\/div>\n\t\t\t\t<\/div>\n\t\t\t\t<section class=\"elementor-section elementor-top-section elementor-element elementor-element-d498ad5 elementor-section-content-middle elementor-section-height-min-height elementor-section-boxed elementor-section-height-default elementor-section-items-middle\" data-id=\"d498ad5\" data-element_type=\"section\" data-e-type=\"section\" data-settings=\"{&quot;background_background&quot;:&quot;classic&quot;}\">\n\t\t\t\t\t\t<div class=\"elementor-container elementor-column-gap-custom\">\n\t\t\t\t\t<div class=\"elementor-column elementor-col-66 elementor-top-column elementor-element elementor-element-5caa9c0\" data-id=\"5caa9c0\" data-element_type=\"column\" data-e-type=\"column\">\n\t\t\t<div class=\"elementor-widget-wrap elementor-element-populated\">\n\t\t\t\t\t\t<div class=\"elementor-element elementor-element-81465c1 elementor-widget__width-initial elementor-widget elementor-widget-heading\" data-id=\"81465c1\" data-element_type=\"widget\" data-e-type=\"widget\" data-widget_type=\"heading.default\">\n\t\t\t\t<div class=\"elementor-widget-container\">\n\t\t\t\t\t<h5 class=\"elementor-heading-title elementor-size-default\">Detayl\u0131 Bilgi \u0130\u00e7in...<\/h5>\t\t\t\t<\/div>\n\t\t\t\t<\/div>\n\t\t\t\t\t<\/div>\n\t\t<\/div>\n\t\t\t\t<div class=\"elementor-column elementor-col-33 elementor-top-column elementor-element elementor-element-953f6a9\" data-id=\"953f6a9\" data-element_type=\"column\" data-e-type=\"column\">\n\t\t\t<div class=\"elementor-widget-wrap elementor-element-populated\">\n\t\t\t\t\t\t<div class=\"elementor-element elementor-element-28911a7 elementor-align-right elementor-mobile-align-center elementor-widget elementor-widget-button\" data-id=\"28911a7\" data-element_type=\"widget\" data-e-type=\"widget\" data-widget_type=\"button.default\">\n\t\t\t\t<div class=\"elementor-widget-container\">\n\t\t\t\t\t\t\t\t\t<div class=\"elementor-button-wrapper\">\n\t\t\t\t\t<a class=\"elementor-button elementor-button-link elementor-size-sm\" href=\"mailto:%20info@format34.net\" target=\"_blank\">\n\t\t\t\t\t\t<span class=\"elementor-button-content-wrapper\">\n\t\t\t\t\t\t\t\t\t<span class=\"elementor-button-text\">Bizimle \u0130leti\u015fime Ge\u00e7in<\/span>\n\t\t\t\t\t<\/span>\n\t\t\t\t\t<\/a>\n\t\t\t\t<\/div>\n\t\t\t\t\t\t\t\t<\/div>\n\t\t\t\t<\/div>\n\t\t\t\t\t<\/div>\n\t\t<\/div>\n\t\t\t\t\t<\/div>\n\t\t<\/section>\n\t\t\t\t<\/div>\n\t\t","protected":false},"excerpt":{"rendered":"<p>Ba\u015far\u0131yla Y\u00f6netilen \u0130haleler, Kal\u0131c\u0131 Ekonomik Kazan\u00e7lar Sunar. \u0130hale s\u00fcre\u00e7lerinin etkin bir \u015fekilde y\u00f6netilmesi, sadece anl\u0131k ba\u015far\u0131lar de\u011fil, uzun vadeli ekonomik de\u011fer yaratman\u0131n [&hellip;]<\/p>\n","protected":false},"author":1,"featured_media":0,"parent":0,"menu_order":0,"comment_status":"closed","ping_status":"closed","template":"","meta":{"footnotes":""},"class_list":["post-1375","page","type-page","status-publish","hentry"],"_links":{"self":[{"href":"https:\/\/www.format34.net\/index.php?rest_route=\/wp\/v2\/pages\/1375","targetHints":{"allow":["GET"]}}],"collection":[{"href":"https:\/\/www.format34.net\/index.php?rest_route=\/wp\/v2\/pages"}],"about":[{"href":"https:\/\/www.format34.net\/index.php?rest_route=\/wp\/v2\/types\/page"}],"author":[{"embeddable":true,"href":"https:\/\/www.format34.net\/index.php?rest_route=\/wp\/v2\/users\/1"}],"replies":[{"embeddable":true,"href":"https:\/\/www.format34.net\/index.php?rest_route=%2Fwp%2Fv2%2Fcomments&post=1375"}],"version-history":[{"count":10,"href":"https:\/\/www.format34.net\/index.php?rest_route=\/wp\/v2\/pages\/1375\/revisions"}],"predecessor-version":[{"id":1424,"href":"https:\/\/www.format34.net\/index.php?rest_route=\/wp\/v2\/pages\/1375\/revisions\/1424"}],"wp:attachment":[{"href":"https:\/\/www.format34.net\/index.php?rest_route=%2Fwp%2Fv2%2Fmedia&parent=1375"}],"curies":[{"name":"wp","href":"https:\/\/api.w.org\/{rel}","templated":true}]}}