{"id":1365,"date":"2025-09-03T13:32:25","date_gmt":"2025-09-03T13:32:25","guid":{"rendered":"https:\/\/www.format34.net\/?page_id=1365"},"modified":"2025-09-03T14:04:04","modified_gmt":"2025-09-03T14:04:04","slug":"elementor-1365","status":"publish","type":"page","link":"https:\/\/www.format34.net\/?page_id=1365","title":{"rendered":"\u0130hale Dosyas\u0131n\u0131n Haz\u0131rlanmas\u0131"},"content":{"rendered":"\t\t<div data-elementor-type=\"wp-page\" data-elementor-id=\"1365\" class=\"elementor elementor-1365\">\n\t\t\t\t<div class=\"elementor-element elementor-element-9370961 e-flex e-con-boxed e-con e-parent\" data-id=\"9370961\" data-element_type=\"container\" data-e-type=\"container\">\n\t\t\t\t\t<div class=\"e-con-inner\">\n\t\t\t\t<div class=\"elementor-element elementor-element-b43a342 elementor-widget elementor-widget-heading\" data-id=\"b43a342\" data-element_type=\"widget\" data-e-type=\"widget\" data-widget_type=\"heading.default\">\n\t\t\t\t<div class=\"elementor-widget-container\">\n\t\t\t\t\t<h2 class=\"elementor-heading-title elementor-size-default\">\u0130hale Dosyas\u0131n\u0131n Haz\u0131rlanmas\u0131<\/h2>\t\t\t\t<\/div>\n\t\t\t\t<\/div>\n\t\t\t\t\t<\/div>\n\t\t\t\t<\/div>\n\t\t<div class=\"elementor-element elementor-element-80fdc45 e-flex e-con-boxed e-con e-parent\" data-id=\"80fdc45\" data-element_type=\"container\" data-e-type=\"container\">\n\t\t\t\t\t<div class=\"e-con-inner\">\n\t\t\t\t<div class=\"elementor-element elementor-element-16c92dd elementor-widget elementor-widget-text-editor\" data-id=\"16c92dd\" data-element_type=\"widget\" data-e-type=\"widget\" data-widget_type=\"text-editor.default\">\n\t\t\t\t<div class=\"elementor-widget-container\">\n\t\t\t\t\t\t\t\t\t<p><span style=\"font-weight: 400;\">Bir projede teklif s\u00fcrecinin ba\u015far\u0131l\u0131 bir \u015fekilde ilerlemesi, sadece kat\u0131l\u0131mc\u0131lar\u0131n de\u011fil, ayn\u0131 zamanda ihale dosyas\u0131n\u0131n i\u00e7eri\u011fi ve do\u011fru \u015fekilde sunulmas\u0131nda da b\u00fcy\u00fck bir \u00f6neme sahiptir. \u0130haleye \u00e7\u0131k\u0131lacak projede, teklif vereceklere g\u00f6nderilen dok\u00fcmanlar\u0131n do\u011frulu\u011fu ve eksiksizli\u011fi, s\u00fcrecin d\u00fczg\u00fcn i\u015flemesi i\u00e7in temel ta\u015flar\u0131 olu\u015fturur. Eksik veya hatal\u0131 belgeler, kat\u0131l\u0131mc\u0131lar\u0131n do\u011fru bir teklif sunmalar\u0131n\u0131 engelleyebilir, ayr\u0131ca teklifin de\u011ferlendirilmesinde e\u015fitlik ve \u015feffafl\u0131k ilkesine zarar verebilir.<\/span><\/p><p><span style=\"font-weight: 400;\">Dok\u00fcmanlar\u0131n do\u011fru ve tam olmas\u0131, teklif verenlerin projeye dair gereklilikleri eksiksiz anlamalar\u0131n\u0131 sa\u011flar ve en uygun \u00e7\u00f6z\u00fcmleri sunmalar\u0131na olanak tan\u0131r. Aksi takdirde, yanl\u0131\u015f anla\u015f\u0131lmalar ve yanl\u0131\u015f y\u00f6nlendirmeler, hem zaman kayb\u0131na hem de gereksiz maliyetlere yol a\u00e7abilir. Bu nedenle, t\u00fcm belgelerin dikkatle haz\u0131rlanmas\u0131, i\u00e7eri\u011fin do\u011fru ve g\u00fcncel oldu\u011fundan emin olunmas\u0131, yaln\u0131zca \u015feffaf ve adil bir ihale s\u00fcreci i\u00e7in de\u011fil, ayn\u0131 zamanda projenin ba\u015far\u0131s\u0131 i\u00e7in de kritik bir rol oynar.<\/span><\/p><p><span style=\"font-weight: 400;\">Teklif verenlerin g\u00fcvenle ve do\u011fru verilerle hareket edebilmesi i\u00e7in g\u00f6nderilen dok\u00fcmanlar\u0131n do\u011frulu\u011fu, her \u015feyden \u00f6nce i\u015fin kalitesini ve ba\u015far\u0131ya ula\u015fma \u015fans\u0131n\u0131 art\u0131r\u0131r.<\/span><\/p><ol><li style=\"font-weight: 400;\" aria-level=\"1\"><span style=\"font-weight: 400;\">OLU\u015eTURULAN PROJELERE G\u00d6RE KULLANILACAK HERB\u0130R MALZEMEY\u0130 G\u00d6STER\u0130R KE\u015e\u0130FLER\u0130N HAZIRLANMASI<\/span><\/li><li style=\"font-weight: 400;\" aria-level=\"1\"><span style=\"font-weight: 400;\">\u0130LG\u0130L\u0130 D\u0130S\u0130PL\u0130NLERCE PROJEYE \u00d6ZEL VE GENEL \u015eARTNAMELER\u0130N HAZIRLANMASI<\/span><\/li><li style=\"font-weight: 400;\" aria-level=\"1\"><span style=\"font-weight: 400;\">B\u0130R\u0130M F\u0130YAT TAR\u0130FLER\u0130N\u0130N HAZIRLANMASI<\/span><\/li><li style=\"font-weight: 400;\" aria-level=\"1\"><span style=\"font-weight: 400;\">BEL\u0130RLENEN \u0130HALE T\u00dcR\u00dcNE G\u00d6RE S\u00d6ZLE\u015eME TASLA\u011eININ HAZIRLANMASI<\/span><\/li><\/ol>\t\t\t\t\t\t\t\t<\/div>\n\t\t\t\t<\/div>\n\t\t\t\t\t<\/div>\n\t\t\t\t<\/div>\n\t\t\t\t<section class=\"elementor-section elementor-top-section elementor-element elementor-element-69cbff2 elementor-section-content-middle elementor-section-height-min-height elementor-section-boxed elementor-section-height-default elementor-section-items-middle\" data-id=\"69cbff2\" data-element_type=\"section\" data-e-type=\"section\" data-settings=\"{&quot;background_background&quot;:&quot;classic&quot;}\">\n\t\t\t\t\t\t<div class=\"elementor-container elementor-column-gap-custom\">\n\t\t\t\t\t<div class=\"elementor-column elementor-col-66 elementor-top-column elementor-element elementor-element-e57c318\" data-id=\"e57c318\" data-element_type=\"column\" data-e-type=\"column\">\n\t\t\t<div class=\"elementor-widget-wrap elementor-element-populated\">\n\t\t\t\t\t\t<div class=\"elementor-element elementor-element-2546df5 elementor-widget__width-initial elementor-widget elementor-widget-heading\" data-id=\"2546df5\" data-element_type=\"widget\" data-e-type=\"widget\" data-widget_type=\"heading.default\">\n\t\t\t\t<div class=\"elementor-widget-container\">\n\t\t\t\t\t<h5 class=\"elementor-heading-title elementor-size-default\">Detayl\u0131 Bilgi \u0130\u00e7in...<\/h5>\t\t\t\t<\/div>\n\t\t\t\t<\/div>\n\t\t\t\t\t<\/div>\n\t\t<\/div>\n\t\t\t\t<div class=\"elementor-column elementor-col-33 elementor-top-column elementor-element elementor-element-6e69675\" data-id=\"6e69675\" data-element_type=\"column\" data-e-type=\"column\">\n\t\t\t<div class=\"elementor-widget-wrap elementor-element-populated\">\n\t\t\t\t\t\t<div class=\"elementor-element elementor-element-9a7e6fa elementor-align-right elementor-mobile-align-center elementor-widget elementor-widget-button\" data-id=\"9a7e6fa\" data-element_type=\"widget\" data-e-type=\"widget\" data-widget_type=\"button.default\">\n\t\t\t\t<div class=\"elementor-widget-container\">\n\t\t\t\t\t\t\t\t\t<div class=\"elementor-button-wrapper\">\n\t\t\t\t\t<a class=\"elementor-button elementor-button-link elementor-size-sm\" href=\"mailto:%20info@format34.net\" target=\"_blank\">\n\t\t\t\t\t\t<span class=\"elementor-button-content-wrapper\">\n\t\t\t\t\t\t\t\t\t<span class=\"elementor-button-text\">Bizimle \u0130leti\u015fime Ge\u00e7in<\/span>\n\t\t\t\t\t<\/span>\n\t\t\t\t\t<\/a>\n\t\t\t\t<\/div>\n\t\t\t\t\t\t\t\t<\/div>\n\t\t\t\t<\/div>\n\t\t\t\t\t<\/div>\n\t\t<\/div>\n\t\t\t\t\t<\/div>\n\t\t<\/section>\n\t\t\t\t<\/div>\n\t\t","protected":false},"excerpt":{"rendered":"<p>\u0130hale Dosyas\u0131n\u0131n Haz\u0131rlanmas\u0131 Bir projede teklif s\u00fcrecinin ba\u015far\u0131l\u0131 bir \u015fekilde ilerlemesi, sadece kat\u0131l\u0131mc\u0131lar\u0131n de\u011fil, ayn\u0131 zamanda ihale dosyas\u0131n\u0131n i\u00e7eri\u011fi ve do\u011fru \u015fekilde [&hellip;]<\/p>\n","protected":false},"author":1,"featured_media":0,"parent":0,"menu_order":0,"comment_status":"closed","ping_status":"closed","template":"","meta":{"footnotes":""},"class_list":["post-1365","page","type-page","status-publish","hentry"],"_links":{"self":[{"href":"https:\/\/www.format34.net\/index.php?rest_route=\/wp\/v2\/pages\/1365","targetHints":{"allow":["GET"]}}],"collection":[{"href":"https:\/\/www.format34.net\/index.php?rest_route=\/wp\/v2\/pages"}],"about":[{"href":"https:\/\/www.format34.net\/index.php?rest_route=\/wp\/v2\/types\/page"}],"author":[{"embeddable":true,"href":"https:\/\/www.format34.net\/index.php?rest_route=\/wp\/v2\/users\/1"}],"replies":[{"embeddable":true,"href":"https:\/\/www.format34.net\/index.php?rest_route=%2Fwp%2Fv2%2Fcomments&post=1365"}],"version-history":[{"count":12,"href":"https:\/\/www.format34.net\/index.php?rest_route=\/wp\/v2\/pages\/1365\/revisions"}],"predecessor-version":[{"id":1427,"href":"https:\/\/www.format34.net\/index.php?rest_route=\/wp\/v2\/pages\/1365\/revisions\/1427"}],"wp:attachment":[{"href":"https:\/\/www.format34.net\/index.php?rest_route=%2Fwp%2Fv2%2Fmedia&parent=1365"}],"curies":[{"name":"wp","href":"https:\/\/api.w.org\/{rel}","templated":true}]}}